{"id":996839,"date":"2026-02-06T14:32:10","date_gmt":"2026-02-06T13:32:10","guid":{"rendered":"https:\/\/www.fpc.org.pl\/?page_id=996839"},"modified":"2026-04-13T09:17:05","modified_gmt":"2026-04-13T07:17:05","slug":"formularz-sobota","status":"publish","type":"page","link":"https:\/\/www.fpc.org.pl\/eng\/nasze-projekty\/spotkania\/formularz-sobota\/","title":{"rendered":"Czytanie rz\u0105dzi &#8211; formularz soboty"},"content":{"rendered":"<div data-elementor-type=\"wp-page\" data-elementor-id=\"996839\" class=\"elementor elementor-996839\" data-elementor-post-type=\"page\">\n\t\t\t\t<div class=\"elementor-element elementor-element-4ce8825 e-flex e-con-boxed e-con e-parent\" data-id=\"4ce8825\" data-element_type=\"container\" data-e-type=\"container\">\n\t\t\t\t\t<div class=\"e-con-inner\">\n\t\t\t\t<div class=\"elementor-element elementor-element-55d6198 elementor-widget elementor-widget-heading\" data-id=\"55d6198\" data-element_type=\"widget\" data-e-type=\"widget\" data-widget_type=\"heading.default\">\n\t\t\t\t<div class=\"elementor-widget-container\">\n\t\t\t\t\t<h2 class=\"elementor-heading-title elementor-size-default\">Reading Rules<\/h2>\t\t\t\t<\/div>\n\t\t\t\t<\/div>\n\t\t\t\t\t<\/div>\n\t\t\t\t<\/div>\n\t\t<div class=\"elementor-element elementor-element-b631b21 e-flex e-con-boxed e-con e-parent\" data-id=\"b631b21\" data-element_type=\"container\" data-e-type=\"container\">\n\t\t\t\t\t<div class=\"e-con-inner\">\n\t\t\t\t<div class=\"elementor-element elementor-element-fbdbcfb elementor-widget elementor-widget-heading\" data-id=\"fbdbcfb\" data-element_type=\"widget\" data-e-type=\"widget\" data-widget_type=\"heading.default\">\n\t\t\t\t<div class=\"elementor-widget-container\">\n\t\t\t\t\t<h5 class=\"elementor-heading-title elementor-size-default\">Spotkanie z Katarzyn\u0105 Rygiel wok\u00f3\u0142 trylogii \u201eStra\u017cnik Klejnotu\u201d<br><br>SOBOTA, 25 kwietnia 2026 w godz. 11.00\u201313.00<\/h5>\t\t\t\t<\/div>\n\t\t\t\t<\/div>\n\t\t\t\t<div class=\"elementor-element elementor-element-a2d8583 elementor-widget elementor-widget-shortcode\" data-id=\"a2d8583\" data-element_type=\"widget\" data-e-type=\"widget\" data-widget_type=\"shortcode.default\">\n\t\t\t\t<div class=\"elementor-widget-container\">\n\t\t\t\t\t\t\t<div class=\"elementor-shortcode\"><div class=\"ml-embedded\" data-form=\"SOoTYA\"><\/div><\/div>\n\t\t\t\t\t\t<\/div>\n\t\t\t\t<\/div>\n\t\t\t\t\t<\/div>\n\t\t\t\t<\/div>\n\t\t<div class=\"elementor-element elementor-element-fa5220b e-flex e-con-boxed e-con e-parent\" data-id=\"fa5220b\" data-element_type=\"container\" data-e-type=\"container\">\n\t\t\t\t\t<div class=\"e-con-inner\">\n\t\t\t\t<div class=\"elementor-element elementor-element-87b1187 elementor-widget elementor-widget-text-editor\" data-id=\"87b1187\" data-element_type=\"widget\" data-e-type=\"widget\" data-widget_type=\"text-editor.default\">\n\t\t\t\t<div class=\"elementor-widget-container\">\n\t\t\t\t\t\t\t\t\t<p>* Pola wymagane<\/p>\t\t\t\t\t\t\t\t<\/div>\n\t\t\t\t<\/div>\n\t\t\t\t<div class=\"elementor-element elementor-element-9270a14 elementor-hidden-desktop elementor-hidden-tablet elementor-hidden-mobile elementor-widget elementor-widget-text-editor\" data-id=\"9270a14\" data-element_type=\"widget\" data-e-type=\"widget\" data-widget_type=\"text-editor.default\">\n\t\t\t\t<div class=\"elementor-widget-container\">\n\t\t\t\t\t\t\t\t\t<p>ZAPISY ZAKO\u0143CZONE.\u00a0<br \/>ZAPRASZAMY DO \u015aLEDZENIA TERMIN\u00d3W KOLEJNYCH SPOTKA\u0143.<\/p>\t\t\t\t\t\t\t\t<\/div>\n\t\t\t\t<\/div>\n\t\t\t\t\t<\/div>\n\t\t\t\t<\/div>\n\t\t\t\t<\/div>","protected":false},"excerpt":{"rendered":"<p>Czytanie Rz\u0105dzi Spotkanie z Katarzyn\u0105 Rygiel wok\u00f3\u0142 trylogii \u201eStra\u017cnik Klejnotu\u201d SOBOTA, 25 kwietnia 2026 w godz. 11.00\u201313.00 * Pola wymagane ZAPISY ZAKO\u0143CZONE.\u00a0ZAPRASZAMY DO \u015aLEDZENIA TERMIN\u00d3W KOLEJNYCH SPOTKA\u0143.<\/p>","protected":false},"author":18,"featured_media":0,"parent":992040,"menu_order":0,"comment_status":"closed","ping_status":"closed","template":"","meta":{"_acf_changed":false,"give_campaign_id":0,"footnotes":""},"class_list":["post-996839","page","type-page","status-publish","hentry","odd"],"acf":[],"campaignId":"","_links":{"self":[{"href":"https:\/\/www.fpc.org.pl\/eng\/wp-json\/wp\/v2\/pages\/996839","targetHints":{"allow":["GET"]}}],"collection":[{"href":"https:\/\/www.fpc.org.pl\/eng\/wp-json\/wp\/v2\/pages"}],"about":[{"href":"https:\/\/www.fpc.org.pl\/eng\/wp-json\/wp\/v2\/types\/page"}],"author":[{"embeddable":true,"href":"https:\/\/www.fpc.org.pl\/eng\/wp-json\/wp\/v2\/users\/18"}],"replies":[{"embeddable":true,"href":"https:\/\/www.fpc.org.pl\/eng\/wp-json\/wp\/v2\/comments?post=996839"}],"version-history":[{"count":70,"href":"https:\/\/www.fpc.org.pl\/eng\/wp-json\/wp\/v2\/pages\/996839\/revisions"}],"predecessor-version":[{"id":998706,"href":"https:\/\/www.fpc.org.pl\/eng\/wp-json\/wp\/v2\/pages\/996839\/revisions\/998706"}],"up":[{"embeddable":true,"href":"https:\/\/www.fpc.org.pl\/eng\/wp-json\/wp\/v2\/pages\/992040"}],"wp:attachment":[{"href":"https:\/\/www.fpc.org.pl\/eng\/wp-json\/wp\/v2\/media?parent=996839"}],"curies":[{"name":"wp","href":"https:\/\/api.w.org\/{rel}","templated":true}]}}